{"id":42675,"date":"2026-06-08T11:31:31","date_gmt":"2026-06-08T09:31:31","guid":{"rendered":"https:\/\/w139.nl\/event\/the-nature-of-remembering\/"},"modified":"2026-08-24T18:01:57","modified_gmt":"2026-08-24T16:01:57","slug":"the-nature-of-remembering","status":"publish","type":"tribe_events","link":"https:\/\/w139.nl\/en\/event\/the-nature-of-remembering\/","title":{"rendered":"The Nature of Remembering"},"content":{"rendered":"\n\n\n<p>Initiated by artist Lawil Karama in conversation with historian Megan Hoetger, <em>The Nature of Remembering<\/em> is a group exhibition featuring multimedia research projects that move between interrogation of normative memory politics and co-experimentation with environmental and more-than-human bodies.<\/p>\n\n\n\n<p>The exhibition title carries in it two meanings: on the one hand, <em>nature<\/em> is evoked, drawing focus to actants, actors, and animacies beyond and beside the human, who witness, participate in, index, recollect, foretell, and haunt historical time. On the other hand, the idiomatic expression <em>the nature of<\/em> is taken up as a provocation, pushing against pervasive ideological and violently enforced notions of remembering and of commemorating.<br><br>Running through all projects is a commitment to practices of frictioning: engaging technologies against their colonial grain, and lingering in the affectively, ancestrally, archivally, and forensically intertwined conditions of lived experience and knowledge production. Collectively, the works ask: Who, or what, enframes and enlivens acts of remembering violence, which have been rendered invisible, unspeakable, and unthinkable?<\/p>\n\n\n\n<p>The exhibition features work by Samuel Baidoo, Mich\u00e8le Boulogne, Laura Fong Prosper and Tin Wilke, Lawil Karama, Aram Lee, Komtouch Napattaloong, Bart Seng Wen Long, and Kaisa Saarinen.<\/p>\n\n\n\n<p><em>The Nature of Remembering<\/em> also includes an extensive context programme with performances, talks, screenings, and a special music programme during ADE.<\/p>\n\n\n\n<!--more-->\n\n\n\n<p><a href=\"https:\/\/w139.nl\/wp-content\/uploads\/2026\/06\/Press-kit-W139-The-Nature-of-Remembering.zip\" data-type=\"link\" data-id=\"https:\/\/w139.nl\/wp-content\/uploads\/2026\/06\/Press-kit-W139-The-Nature-of-Remembering.zip\">Press kit (zip)<\/a><br><a href=\"https:\/\/w139.nl\/wp-content\/uploads\/2026\/06\/W139-press-release-TNOR-EN.pdf\" data-type=\"link\" data-id=\"https:\/\/w139.nl\/wp-content\/uploads\/2026\/06\/W139-press-release-TNOR-EN.pdf\">Press release (pdf)<\/a><\/p>\n\n\n\n<hr class=\"wp-block-separator has-alpha-channel-opacity\"\/>\n\n\n\n<h2 class=\"wp-block-heading\">Colophon<\/h2>\n\n\n\n<p>Initiated by Lawil Karama&nbsp;<\/p>\n\n\n\n<p>At W139, we work collectively and intersectionally on exhibitions, guided and led by the initiating artists that we invite. This exhibition has been developed with guest curator Megan Hoetger leading the process, together with the team of W139: Tomas Adolfs, Andr\u00e9 Avel\u00e3s, Cari C\u0103linici, Dana Claasen, Jacob Dwyer, Levi van Gelder, Dil Ghale, Lies Kelder, Geer van der Klugt, Monica Liu, Macarena Maga\u00f1a, Margarita Osipian, Annette Wolfsberger, and our amazing team of volunteers.<\/p>\n\n\n\n<p>Visual identity: Nuno Beijinho<\/p>\n\n\n\n<p>This exhibition is generously supported by Amsterdam Fund for the Arts, Mondriaan Fund, and Fonds 21.<\/p>\n\n\n\n<p>The production of the work of Lawil Karama was supported by Amarte Fund, with special thanks to Stefanie Tseggai (Desta&#8217;na, pavilion design), Maarten Milttenbrug van Duyts (pavilion construction advise), Yavuz Selim Isler (projection color grading), and Malaia Simms (sound design).<\/p>\n\n\n\n<p>The residency of Komtouch Napattaloong is part of the Exchanges programme by the Prince Claus Fund, with the support of the Amsterdam City Council.<\/p>\n\n\n\n<p>The production of the work by Mich\u00e8le Boulogne was supported by a residency at AGA Lab.<\/p>\n\n\n\n<p><em>Rubber Dreams of Its Lifetime<\/em> by Komtouch Napattaloong, Bart Seng Wen Long and Kaisa Saarinen is funded by KONE Foundation.<\/p>\n\n\n\n<p>Thanks to Erwin van &#8216;t Hart for film-technical support with the work of Laura Fong Prosper and Tin Wilke.<\/p>\n\n\n\n<p>For Aram Lee\u2019s work, special thanks goes out to grandmothers Merapi Obermayer and Mei Ling Wan, and granddaughter Fransisca Angela. Sound design by Mint Park.<\/p>\n\n\n\n<p>Partners: Amsterdam Dance Event<\/p>\n\n\n<div  class=\"tribe-block tribe-block__event-price\" >\n\t\t<\/div>\n\n\n\n\n\n\n\n\n","protected":false},"excerpt":{"rendered":"<p>Initiated by artist Lawil Karama in conversation with historian Megan Hoetger, The Nature of Remembering is a group exhibition featuring multimedia research projects that move between interrogation of normative memory politics and co-experimentation with environmental and more-than-human bodies. The exhibition [&hellip;]<\/p>\n","protected":false},"author":25,"featured_media":43064,"template":"","meta":{"_acf_changed":false,"_EventAllDay":true,"_EventTimezone":"Europe\/Amsterdam","_EventStartDate":"2026-09-04 00:00:00","_EventEndDate":"2026-11-01 23:59:59","_EventStartDateUTC":"2026-09-03 22:00:00","_EventEndDateUTC":"2026-11-01 22:59:59","_EventShowMap":false,"_EventShowMapLink":false,"_EventURL":"","_EventCost":"","_EventCostDescription":"","_EventCurrencySymbol":"\u20ac","_EventCurrencyCode":"EUR","_EventCurrencyPosition":"suffix","_EventDateTimeSeparator":" @ ","_EventTimeRangeSeparator":" - ","_EventOrganizerID":[],"_EventVenueID":[],"_OrganizerEmail":"","_OrganizerPhone":"","_OrganizerWebsite":"","_VenueAddress":"","_VenueCity":"","_VenueCountry":"","_VenueProvince":"","_VenueState":"","_VenueZip":"","_VenuePhone":"","_VenueURL":"","_VenueStateProvince":"","_VenueLat":"","_VenueLng":"","_VenueShowMap":false,"_VenueShowMapLink":false,"_tribe_events_status":"","_tribe_events_status_reason":"","footnotes":""},"tags":[1149],"artist":[3915,3920,3919,3918,3916,3906,3914,3913,3917],"group":[3907],"class_list":["post-42675","tribe_events","type-tribe_events","status-publish","has-post-thumbnail","hentry","tag-exhibition-en"],"acf":[],"_links":{"self":[{"href":"https:\/\/w139.nl\/en\/wp-json\/wp\/v2\/tribe_events\/42675","targetHints":{"allow":["GET"]}}],"collection":[{"href":"https:\/\/w139.nl\/en\/wp-json\/wp\/v2\/tribe_events"}],"about":[{"href":"https:\/\/w139.nl\/en\/wp-json\/wp\/v2\/types\/tribe_events"}],"author":[{"embeddable":true,"href":"https:\/\/w139.nl\/en\/wp-json\/wp\/v2\/users\/25"}],"version-history":[{"count":18,"href":"https:\/\/w139.nl\/en\/wp-json\/wp\/v2\/tribe_events\/42675\/revisions"}],"predecessor-version":[{"id":43232,"href":"https:\/\/w139.nl\/en\/wp-json\/wp\/v2\/tribe_events\/42675\/revisions\/43232"}],"wp:featuredmedia":[{"embeddable":true,"href":"https:\/\/w139.nl\/en\/wp-json\/wp\/v2\/media\/43064"}],"wp:attachment":[{"href":"https:\/\/w139.nl\/en\/wp-json\/wp\/v2\/media?parent=42675"}],"wp:term":[{"taxonomy":"post_tag","embeddable":true,"href":"https:\/\/w139.nl\/en\/wp-json\/wp\/v2\/tags?post=42675"},{"taxonomy":"artist","embeddable":true,"href":"https:\/\/w139.nl\/en\/wp-json\/wp\/v2\/artist?post=42675"},{"taxonomy":"group","embeddable":true,"href":"https:\/\/w139.nl\/en\/wp-json\/wp\/v2\/group?post=42675"}],"curies":[{"name":"wp","href":"https:\/\/api.w.org\/{rel}","templated":true}]}}

<p>Initiated by artist Lawil Karama in conversation with historian Megan Hoetger, <em>The Nature of Remembering</em> is a group exhibition featuring multimedia research projects that move between interrogation of normative memory politics and co-experimentation with environmental and more-than-human bodies.</p>



<p>The exhibition title carries in it two meanings: on the one hand, <em>nature</em> is evoked, drawing focus to actants, actors, and animacies beyond and beside the human, who witness, participate in, index, recollect, foretell, and haunt historical time. On the other hand, the idiomatic expression <em>the nature of</em> is taken up as a provocation, pushing against pervasive ideological and violently enforced notions of remembering and of commemorating.<br><br>Running through all projects is a commitment to practices of frictioning: engaging technologies against their colonial grain, and lingering in the affectively, ancestrally, archivally, and forensically intertwined conditions of lived experience and knowledge production. Collectively, the works ask: Who, or what, enframes and enlivens acts of remembering violence, which have been rendered invisible, unspeakable, and unthinkable?</p>



<p>The exhibition features work by Samuel Baidoo, Michèle Boulogne, Laura Fong Prosper and Tin Wilke, Lawil Karama, Aram Lee, Komtouch Napattaloong, Bart Seng Wen Long, and Kaisa Saarinen.</p>



<p><em>The Nature of Remembering</em> also includes an extensive context programme with performances, talks, screenings, and a special music programme during ADE.</p>



<!--more-->



<p><a href="https://w139.nl/wp-content/uploads/2026/06/Press-kit-W139-The-Nature-of-Remembering.zip" data-type="link" data-id="https://w139.nl/wp-content/uploads/2026/06/Press-kit-W139-The-Nature-of-Remembering.zip">Press kit (zip)</a><br><a href="https://w139.nl/wp-content/uploads/2026/06/W139-press-release-TNOR-EN.pdf" data-type="link" data-id="https://w139.nl/wp-content/uploads/2026/06/W139-press-release-TNOR-EN.pdf">Press release (pdf)</a></p>



<hr class="wp-block-separator has-alpha-channel-opacity"/>



<h2 class="wp-block-heading">Colophon</h2>



<p>Initiated by Lawil Karama&nbsp;</p>



<p>At W139, we work collectively and intersectionally on exhibitions, guided and led by the initiating artists that we invite. This exhibition has been developed with guest curator Megan Hoetger leading the process, together with the team of W139: Tomas Adolfs, André Avelãs, Cari Călinici, Dana Claasen, Jacob Dwyer, Levi van Gelder, Dil Ghale, Lies Kelder, Geer van der Klugt, Monica Liu, Macarena Magaña, Margarita Osipian, Annette Wolfsberger, and our amazing team of volunteers.</p>



<p>Visual identity: Nuno Beijinho</p>



<p>This exhibition is generously supported by Amsterdam Fund for the Arts, Mondriaan Fund, and Fonds 21.</p>



<p>The production of the work of Lawil Karama was supported by Amarte Fund, with special thanks to Stefanie Tseggai (Desta&#8217;na, pavilion design), Maarten Milttenbrug van Duyts (pavilion construction advise), Yavuz Selim Isler (projection color grading), and Malaia Simms (sound design).</p>



<p>The residency of Komtouch Napattaloong is part of the Exchanges programme by the Prince Claus Fund, with the support of the Amsterdam City Council.</p>



<p>The production of the work by Michèle Boulogne was supported by a residency at AGA Lab.</p>



<p><em>Rubber Dreams of Its Lifetime</em> by Komtouch Napattaloong, Bart Seng Wen Long and Kaisa Saarinen is funded by KONE Foundation.</p>



<p>Thanks to Erwin van &#8216;t Hart for film-technical support with the work of Laura Fong Prosper and Tin Wilke.</p>



<p>For Aram Lee’s work, special thanks goes out to grandmothers Merapi Obermayer and Mei Ling Wan, and granddaughter Fransisca Angela. Sound design by Mint Park.</p>



<p>Partners: Amsterdam Dance Event</p>


<div  class="tribe-block tribe-block__event-price" >
		</div>
